s the remainder when 1080 is divided by 258?
48
Calculate the remainder when 22 is divided by 6.
4
Calculate the remainder when 156 is divided by 36.
12
Calculate the remainder when 125 is divided by 17.
6
What is the remainder when 404 is divided by 46?
36
What is the remainder when 123 is divided by 62?
61
What is the remainder when 122 is divided by 21?
17
What is the remainder when 1174 is divided by 12?
10
What is the remainder when 99 is divided by 10?
9
Calculate the remainder when 19 is divided by 4.
3
What is the remainder when 410 is divided by 9?
5
Calculate the remainder when 204 is divided by 139.
65
What is the remainder when 346 is divided by 77?
38
Calculate the remainder when 634 is divided by 43.
32
Calculate the remainder when 18901 is divided by 26.
25
Calculate the remainder when 135 is divided by 42.
9
What is the remainder when 308 is divided by 72?
20
Calculate the remainder when 2293 is divided by 82.
79
Calculate the remainder when 112 is divided by 38.
36
Calculate the remainder when 152 is divided by 51.
50
What is the remainder when 517 is divided by 261?
256
What is the remainder when 1659 is divided by 31?
16
What is the remainder when 333 is divided by 28?
25
What is the remainder when 7278 is divided by 54?
42
What is the remainder when 90 is divided by 5?
0
What is the remainder when 209 is divided by 21?
20
What is the remainder when 453 is divided by 114?
111
Calculate the remainder when 1775 is divided by 37.
36
What is the remainder when 103 is divided by 8?
7
What is the remainder when 197 is divided by 18?
17
What is the remainder when 11 is divided by 9?
2
What is the remainder when 3094 is divided by 172?
170
What is the remainder when 903 is divided by 447?
9
What is the remainder when 200 is divided by 37?
15
What is the remainder when 126 is divided by 15?
6
What is the remainder when 1018 is divided by 15?
13
Calculate the remainder when 8553 is divided by 12.
9
Calculate the remainder when 358 is divided by 41.
30
What is the remainder when 1342 is divided by 42?
40
Calculate the remainder when 127 is divided by 29.
11
What is the remainder when 2434 is divided by 304?
2
Calculate the remainder when 126 is divided by 34.
24
What is the remainder when 10161 is divided by 21?
18
What is the remainder when 199 is divided by 173?
26
What is the remainder when 1023 is divided by 27?
24
What is the remainder when 193 is divided by 22?
17
Calculate the remainder when 95 is divided by 53.
42
Calculate the remainder when 89 is divided by 86.
3
What is the remainder when 107 is divided by 37?
33
What is the remainder when 217 is divided by 19?
8
What is the remainder when 2025 is divided by 96?
9
What is the remainder when 2808 is divided by 32?
24
Calculate the remainder when 323 is divided by 83.
74
What is the remainder when 2456 is divided by 189?
188
What is the remainder when 2692 is divided by 77?
74
What is the remainder when 24 is divided by 10?
4
What is the remainder when 2556 is divided by 195?
21
What is the remainder when 369 is divided by 155?
59
Calculate the remainder when 3700 is divided by 44.
4
What is the remainder when 3697 is divided by 74?
71
Calculate the remainder when 26858 is divided by 20.
18
What is the remainder when 184 is divided by 164?
20
Calculate the remainder when 547 is divided by 91.
1
What is the remainder when 171 is divided by 34?
1
Calculate the remainder when 76 is divided by 22.
10
What is the remainder when 300 is divided by 164?
136
What is the remainder when 212 is divided by 36?
32
What is the remainder when 9 is divided by 9?
0
Calculate the remainder when 69 is divided by 60.
9
Calculate the remainder when 466 is divided by 78.
76
Calculate the remainder when 21 is divided by 12.
9
Calculate the remainder when 1116 is divided by 35.
31
Calculate the remainder when 1563 is divided by 136.
67
Calculate the remainder when 121 is divided by 50.
21
Calculate the remainder when 150 is divided by 22.
18
What is the remainder when 1729 is divided by 44?
13
Calculate the remainder when 57 is divided by 20.
17
What is the remainder when 2060 is divided by 12?
8
Calculate the remainder when 998 is divided by 399.
200
What is the remainder when 3242 is divided by 462?
8
Calculate the remainder when 344 is divided by 65.
19
What is the remainder when 74 is divided by 30?
14
What is the remainder when 1854 is divided by 143?
138
What is the remainder when 71 is divided by 12?
11
What is the remainder when 697 is divided by 35?
32
What is the remainder when 2897 is divided by 145?
142
What is the remainder when 25 is divided by 18?
7
What is the remainder when 677 is divided by 97?
95
What is the remainder when 1484 is divided by 93?
89
Calculate the remainder when 363 is divided by 52.
51
Calculate the remainder when 102 is divided by 32.
6
Calculate the remainder when 298 is divided by 75.
73
Calculate the remainder when 292 is divided by 19.
7
What is the remainder when 1691 is divided by 289?
246
Calculate the remainder when 265 is divided by 8.
1
Calculate the remainder when 170 is divided by 2.
0
Calculate the remainder when 4323 is divided by 21.
18
What is the remainder when 1088 is divided by 536?
16
Calculate the remainder when 55382 is divided by 14.
12
Calculate the remainder when 18518 is divided by 21.
17
What is the remainder when 3393 is divided by 54?
45
What is the remainder when 361 is divided by 29?
13
Calculate the remainder when 1137 is divided by 76.
73
What is the remainder when 6594 is divided by 32?
2
What is the remainder when 350 is divided by 83?
18
What is the remainder when 2569 is divided by 28?
21
What is the remainder when 177 is divided by 18?
15
What is the remainder when 32 is divided by 12?
8
Calculate the remainder when 202 is divided by 195.
7
Calculate the remainder when 306 is divided by 163.
143
Calculate the remainder when 987 is divided by 142.
135
What is the remainder when 80 is divided by 21?
17
Calculate the remainder when 365 is divided by 22.
13
Calculate the remainder when 742 is divided by 62.
60
What is the remainder when 15297 is divided by 15?
12
What is the remainder when 515 is divided by 86?
85
Calculate the remainder when 2547 is divided by 75.
72
What is the remainder when 13 is divided by 3?
1
What is the remainder when 22 is divided by 3?
1
What is the remainder when 7630 is divided by 106?
104
What is the remainder when 687 is divided by 21?
15
What is the remainder when 88 is divided by 47?
41
Calculate the remainder when 1274 is divided by 189.
140
Calculate the remainder when 974 is divided by 65.
64
What is the remainder when 671 is divided by 12?
11
What is the remainder when 1710 is divided by 340?
10
Calculate the remainder when 1074 is divided by 15.
9
What is the remainder when 4210 is divided by 15?
10
What is the remainder when 126 is divided by 42?
0
Calculate the remainder when 459 is divided by 34.
17
Calculate the remainder when 268 is divided by 8.
4
Calculate the remainder when 560 is divided by 15.
5
Calculate the remainder when 127 is divided by 28.
15
What is the remainder when 791 is divided by 88?
87
Calculate the remainder when 778 is divided by 133.
113
Calculate the remainder when 361 is divided by 56.
25
Calculate the remainder when 278 is divided by 127.
24
Calculate the remainder when 108 is divided by 10.
8
Calculate the remainder when 549 is divided by 40.
29
Calculate the remainder when 795 is divided by 50.
45
What is the remainder when 27089 is divided by 13?
10
Calculate the remainder when 1327 is divided by 58.
51
What is the remainder when 12670 is divided by 128?
126
Calculate the remainder when 988 is divided by 11.
9
Calculate the remainder when 168 is divided by 38.
16
What is the remainder when 108063 is divided by 434?
431
Calculate the remainder when 165 is divided by 30.
15
Calculate the remainder when 134 is divided by 47.
40
What is the remainder when 977 is divided by 290?
107
Calculate the remainder when 380 is divided by 129.
122
What is the remainder when 1469 is divided by 106?
91
Calculate the remainder when 381 is divided by 22.
7
Calculate the remainder when 310 is divided by 127.
56
What is the remainder when 1017 is divided by 60?
57
What is the re